{"id":889,"date":"2022-03-16T03:17:52","date_gmt":"2022-03-16T03:17:52","guid":{"rendered":"https:\/\/ciproba.com.mx\/?page_id=889"},"modified":"2022-03-16T03:18:35","modified_gmt":"2022-03-16T03:18:35","slug":"gastronomia-copy-7","status":"publish","type":"page","link":"https:\/\/www.itesloscabos.edu.mx\/inicio\/gastronomia-copy-7\/","title":{"rendered":"Entidad Conocer (Proceso de Evaluaci\u00f3n)"},"content":{"rendered":"\r\n<h1>\r\n\t\tEntidad Conocer (Proceso de Evaluaci\u00f3n)\r\n\t<\/h1>\r\n\tINSTITUTO TECNOL\u00d3GICO DE ESTUDIOS SUPERIORES DE LOS CABOS<br \/>\r\nSUBDIRECCI\u00d3N DE VINCULACI\u00d3N<br \/>\r\nENTIDAD CONOCER &#8211; ITES LOS CABOS<br \/>\r\nECE 124-13\r\n<p>PROCESO DE EVALUACI\u00d3N<\/p>\r\n\r\n1. \u00a0\u00a0 Asistir a la Coordinaci\u00f3n de la Entidad de Certificaci\u00f3n y Evaluaci\u00f3n ITES LOS CABOS, edificio V, del plantel. ECE12413:\r\n<p>2. \u00a0\u00a0 El usuario recibe la informaci\u00f3n necesaria del proceso de certificaci\u00f3n as\u00ed como se pretende\u00a0 disipar sus dudas e inquietudes.<\/p>\r\n3. \u00a0\u00a0 Evaluaci\u00f3n diagnostica.<br \/>\r\nEs una herramienta que permite conocer de forma\u00a0 certera el grado de competencia que se tiene con base en el est\u00e1ndar. No es obligatorio presentarlo pero es sumamente recomendado, ya que permitir\u00e1 decidir si te somete el usuario\u00a0 al proceso de evaluaci\u00f3n o prefiere entrenarse en lo que se identifica como \u00e1rea de mejora.\r\n4. \u00a0\u00a0 Acordar el plan de evaluaci\u00f3n.<br \/>\r\nUn vez que se ha decidido hacer el proceso y entregar a la Entidad la informaci\u00f3n solicitada (Datos personales), se asigna un evaluador que en conjunto y en com\u00fan acuerdo con el interesado desarrollaran plan de evaluaci\u00f3n, por lo que podr\u00e1s preguntarle cualquier cosa referente a tu evaluaci\u00f3n.\r\n5. \u00a0\u00a0 Realizar la evaluaci\u00f3n<br \/>\r\nDeber\u00e1s presentarte en la hora, lugar y fecha establecida en el punto anterior y seguir todas las instrucciones, en esta fase es cuando ser\u00e1 recopilada toda la evidencia de tu competencia y de esta forma integrar tu portafolio de evidencias y poder as\u00ed emitir el juicio de competencia.\r\n6. \u00a0\u00a0 Expedir certificado<br \/>\r\nEste paso tiene que ver con la emisi\u00f3n del juicio de la competencia por lo que recibir\u00e1s esta evaluaci\u00f3n y se tramitara ante CONOCER la emisi\u00f3n de tu certificados.\r\n\r\n","protected":false},"excerpt":{"rendered":"<p>Entidad Conocer (Proceso de Evaluaci\u00f3n) INSTITUTO TECNOL\u00d3GICO DE ESTUDIOS SUPERIORES DE LOS CABOS SUBDIRECCI\u00d3N DE VINCULACI\u00d3N ENTIDAD CONOCER &#8211; ITES LOS CABOS ECE 124-13 PROCESO DE EVALUACI\u00d3N 1. \u00a0\u00a0 Asistir a la Coordinaci\u00f3n de la Entidad de Certificaci\u00f3n y Evaluaci\u00f3n ITES LOS CABOS, edificio V, del plantel. ECE12413: 2. \u00a0\u00a0 El usuario recibe la informaci\u00f3n &hellip;<\/p>\n<p class=\"read-more\"> <a class=\"\" href=\"https:\/\/www.itesloscabos.edu.mx\/inicio\/gastronomia-copy-7\/\"> <span class=\"screen-reader-text\">Entidad Conocer (Proceso de Evaluaci\u00f3n)<\/span> Leer m\u00e1s &raquo;<\/a><\/p>\n","protected":false},"author":1,"featured_media":0,"parent":0,"menu_order":0,"comment_status":"closed","ping_status":"closed","template":"","meta":{"om_disable_all_campaigns":false,"_monsterinsights_skip_tracking":false,"_monsterinsights_sitenote_active":false,"_monsterinsights_sitenote_note":"","_monsterinsights_sitenote_category":0,"_uf_show_specific_survey":0,"_uf_disable_surveys":false,"site-sidebar-layout":"no-sidebar","site-content-layout":"page-builder","ast-main-header-display":"","ast-hfb-above-header-display":"","ast-hfb-below-header-display":"","ast-hfb-mobile-header-display":"","site-post-title":"disabled","ast-breadcrumbs-content":"","ast-featured-img":"disabled","footer-sml-layout":"","theme-transparent-header-meta":"default","adv-header-id-meta":"","stick-header-meta":"","header-above-stick-meta":"","header-main-stick-meta":"","header-below-stick-meta":"","footnotes":""},"class_list":["post-889","page","type-page","status-publish","hentry"],"aioseo_notices":[],"yoast_head":"<!-- This site is optimized with the Yoast SEO plugin v27.2 - https:\/\/yoast.com\/product\/yoast-seo-wordpress\/ -->\n<title>Entidad Conocer (Proceso de Evaluaci\u00f3n) - ITES<\/title>\n<meta name=\"robots\" content=\"index, follow, max-snippet:-1, max-image-preview:large, max-video-preview:-1\" \/>\n<link rel=\"canonical\" href=\"https:\/\/www.itesloscabos.edu.mx\/inicio\/gastronomia-copy-7\/\" \/>\n<meta property=\"og:locale\" content=\"es_ES\" \/>\n<meta property=\"og:type\" content=\"article\" \/>\n<meta property=\"og:title\" content=\"Entidad Conocer (Proceso de Evaluaci\u00f3n) - ITES\" \/>\n<meta property=\"og:description\" content=\"Entidad Conocer (Proceso de Evaluaci\u00f3n) INSTITUTO TECNOL\u00d3GICO DE ESTUDIOS SUPERIORES DE LOS CABOS SUBDIRECCI\u00d3N DE VINCULACI\u00d3N ENTIDAD CONOCER &#8211; ITES LOS CABOS ECE 124-13 PROCESO DE EVALUACI\u00d3N 1. \u00a0\u00a0 Asistir a la Coordinaci\u00f3n de la Entidad de Certificaci\u00f3n y Evaluaci\u00f3n ITES LOS CABOS, edificio V, del plantel. ECE12413: 2. \u00a0\u00a0 El usuario recibe la informaci\u00f3n &hellip; Entidad Conocer (Proceso de Evaluaci\u00f3n) Leer m\u00e1s &raquo;\" \/>\n<meta property=\"og:url\" content=\"https:\/\/www.itesloscabos.edu.mx\/inicio\/gastronomia-copy-7\/\" \/>\n<meta property=\"og:site_name\" content=\"ITES\" \/>\n<meta property=\"article:modified_time\" content=\"2022-03-16T03:18:35+00:00\" \/>\n<meta name=\"twitter:card\" content=\"summary_large_image\" \/>\n<meta name=\"twitter:label1\" content=\"Tiempo de lectura\" \/>\n\t<meta name=\"twitter:data1\" content=\"1 minuto\" \/>\n<script type=\"application\/ld+json\" class=\"yoast-schema-graph\">{\"@context\":\"https:\/\/schema.org\",\"@graph\":[{\"@type\":\"WebPage\",\"@id\":\"https:\/\/www.itesloscabos.edu.mx\/inicio\/gastronomia-copy-7\/\",\"url\":\"https:\/\/www.itesloscabos.edu.mx\/inicio\/gastronomia-copy-7\/\",\"name\":\"Entidad Conocer (Proceso de Evaluaci\u00f3n) - ITES\",\"isPartOf\":{\"@id\":\"https:\/\/www.itesloscabos.edu.mx\/inicio\/#website\"},\"datePublished\":\"2022-03-16T03:17:52+00:00\",\"dateModified\":\"2022-03-16T03:18:35+00:00\",\"breadcrumb\":{\"@id\":\"https:\/\/www.itesloscabos.edu.mx\/inicio\/gastronomia-copy-7\/#breadcrumb\"},\"inLanguage\":\"es\",\"potentialAction\":[{\"@type\":\"ReadAction\",\"target\":[\"https:\/\/www.itesloscabos.edu.mx\/inicio\/gastronomia-copy-7\/\"]}]},{\"@type\":\"BreadcrumbList\",\"@id\":\"https:\/\/www.itesloscabos.edu.mx\/inicio\/gastronomia-copy-7\/#breadcrumb\",\"itemListElement\":[{\"@type\":\"ListItem\",\"position\":1,\"name\":\"Portada\",\"item\":\"https:\/\/www.itesloscabos.edu.mx\/inicio\/\"},{\"@type\":\"ListItem\",\"position\":2,\"name\":\"Entidad Conocer (Proceso de Evaluaci\u00f3n)\"}]},{\"@type\":\"WebSite\",\"@id\":\"https:\/\/www.itesloscabos.edu.mx\/inicio\/#website\",\"url\":\"https:\/\/www.itesloscabos.edu.mx\/inicio\/\",\"name\":\"ITES\",\"description\":\"Los Cabos\",\"potentialAction\":[{\"@type\":\"SearchAction\",\"target\":{\"@type\":\"EntryPoint\",\"urlTemplate\":\"https:\/\/www.itesloscabos.edu.mx\/inicio\/?s={search_term_string}\"},\"query-input\":{\"@type\":\"PropertyValueSpecification\",\"valueRequired\":true,\"valueName\":\"search_term_string\"}}],\"inLanguage\":\"es\"}]}<\/script>\n<!-- \/ Yoast SEO plugin. -->","yoast_head_json":{"title":"Entidad Conocer (Proceso de Evaluaci\u00f3n) - ITES","robots":{"index":"index","follow":"follow","max-snippet":"max-snippet:-1","max-image-preview":"max-image-preview:large","max-video-preview":"max-video-preview:-1"},"canonical":"https:\/\/www.itesloscabos.edu.mx\/inicio\/gastronomia-copy-7\/","og_locale":"es_ES","og_type":"article","og_title":"Entidad Conocer (Proceso de Evaluaci\u00f3n) - ITES","og_description":"Entidad Conocer (Proceso de Evaluaci\u00f3n) INSTITUTO TECNOL\u00d3GICO DE ESTUDIOS SUPERIORES DE LOS CABOS SUBDIRECCI\u00d3N DE VINCULACI\u00d3N ENTIDAD CONOCER &#8211; ITES LOS CABOS ECE 124-13 PROCESO DE EVALUACI\u00d3N 1. \u00a0\u00a0 Asistir a la Coordinaci\u00f3n de la Entidad de Certificaci\u00f3n y Evaluaci\u00f3n ITES LOS CABOS, edificio V, del plantel. ECE12413: 2. \u00a0\u00a0 El usuario recibe la informaci\u00f3n &hellip; Entidad Conocer (Proceso de Evaluaci\u00f3n) Leer m\u00e1s &raquo;","og_url":"https:\/\/www.itesloscabos.edu.mx\/inicio\/gastronomia-copy-7\/","og_site_name":"ITES","article_modified_time":"2022-03-16T03:18:35+00:00","twitter_card":"summary_large_image","twitter_misc":{"Tiempo de lectura":"1 minuto"},"schema":{"@context":"https:\/\/schema.org","@graph":[{"@type":"WebPage","@id":"https:\/\/www.itesloscabos.edu.mx\/inicio\/gastronomia-copy-7\/","url":"https:\/\/www.itesloscabos.edu.mx\/inicio\/gastronomia-copy-7\/","name":"Entidad Conocer (Proceso de Evaluaci\u00f3n) - ITES","isPartOf":{"@id":"https:\/\/www.itesloscabos.edu.mx\/inicio\/#website"},"datePublished":"2022-03-16T03:17:52+00:00","dateModified":"2022-03-16T03:18:35+00:00","breadcrumb":{"@id":"https:\/\/www.itesloscabos.edu.mx\/inicio\/gastronomia-copy-7\/#breadcrumb"},"inLanguage":"es","potentialAction":[{"@type":"ReadAction","target":["https:\/\/www.itesloscabos.edu.mx\/inicio\/gastronomia-copy-7\/"]}]},{"@type":"BreadcrumbList","@id":"https:\/\/www.itesloscabos.edu.mx\/inicio\/gastronomia-copy-7\/#breadcrumb","itemListElement":[{"@type":"ListItem","position":1,"name":"Portada","item":"https:\/\/www.itesloscabos.edu.mx\/inicio\/"},{"@type":"ListItem","position":2,"name":"Entidad Conocer (Proceso de Evaluaci\u00f3n)"}]},{"@type":"WebSite","@id":"https:\/\/www.itesloscabos.edu.mx\/inicio\/#website","url":"https:\/\/www.itesloscabos.edu.mx\/inicio\/","name":"ITES","description":"Los Cabos","potentialAction":[{"@type":"SearchAction","target":{"@type":"EntryPoint","urlTemplate":"https:\/\/www.itesloscabos.edu.mx\/inicio\/?s={search_term_string}"},"query-input":{"@type":"PropertyValueSpecification","valueRequired":true,"valueName":"search_term_string"}}],"inLanguage":"es"}]}},"blog_post_layout_featured_media_urls":{"thumbnail":"","full":""},"categories_names":null,"comments_number":"0","_links":{"self":[{"href":"https:\/\/www.itesloscabos.edu.mx\/inicio\/wp-json\/wp\/v2\/pages\/889","targetHints":{"allow":["GET"]}}],"collection":[{"href":"https:\/\/www.itesloscabos.edu.mx\/inicio\/wp-json\/wp\/v2\/pages"}],"about":[{"href":"https:\/\/www.itesloscabos.edu.mx\/inicio\/wp-json\/wp\/v2\/types\/page"}],"author":[{"embeddable":true,"href":"https:\/\/www.itesloscabos.edu.mx\/inicio\/wp-json\/wp\/v2\/users\/1"}],"replies":[{"embeddable":true,"href":"https:\/\/www.itesloscabos.edu.mx\/inicio\/wp-json\/wp\/v2\/comments?post=889"}],"version-history":[{"count":2,"href":"https:\/\/www.itesloscabos.edu.mx\/inicio\/wp-json\/wp\/v2\/pages\/889\/revisions"}],"predecessor-version":[{"id":891,"href":"https:\/\/www.itesloscabos.edu.mx\/inicio\/wp-json\/wp\/v2\/pages\/889\/revisions\/891"}],"wp:attachment":[{"href":"https:\/\/www.itesloscabos.edu.mx\/inicio\/wp-json\/wp\/v2\/media?parent=889"}],"curies":[{"name":"wp","href":"https:\/\/api.w.org\/{rel}","templated":true}]}}