{"id":860,"date":"2022-03-16T02:55:26","date_gmt":"2022-03-16T02:55:26","guid":{"rendered":"https:\/\/ciproba.com.mx\/?page_id=860"},"modified":"2022-03-16T02:57:46","modified_gmt":"2022-03-16T02:57:46","slug":"contador-publico-copy","status":"publish","type":"page","link":"https:\/\/www.itesloscabos.edu.mx\/inicio\/contador-publico-copy\/","title":{"rendered":"Tutor\u00edas"},"content":{"rendered":"\r\n<h1>\r\n\t\ttutor\u00edas\r\n\t<\/h1>\r\n\t\t\t\t<img decoding=\"async\" src=\"https:\/\/ciproba.com.mx\/wp-content\/plugins\/beaver-builder-lite-version\/img\/pixel.png\" alt=\"\" itemprop=\"image\" onerror=\"this.style.display='none'\"  \/>\r\n\t<p><strong>PROGRAMA INSTITUCIONAL DE TUTOR\u00cdAS<\/strong><\/p>\r\n<p>En el Instituto Tecnol\u00f3gico de Estudios Superior de Los Cabos (ITES Los Cabos) hemos desarrollado programas de apoyo que, junto a las asignaturas regulares, forman una red de soporte para nuestra comunidad estudiantil, con el objetivo de que culminen su formaci\u00f3n superior.<\/p>\r\n<p>\u200b<\/p>\r\n<p>La Tutor\u00eda forma parte de esta red, consiste en un acompa\u00f1amiento docente que pretende estimular el desarrollo integral del o la estudiante durante su proceso educativo. Un tutor(a) se convierte en un(a) observador(a) con empat\u00eda con el individuo o grupo a su cargo, que puede actuar como gu\u00eda en situaciones que pongan en riesgo su desempe\u00f1o.<\/p>\r\n<p>Existe un Programa Institucional que gu\u00eda el trabajo tutorial de acuerdo a las necesidades detectadas a trav\u00e9s de un an\u00e1lisis de la poblaci\u00f3n estudiantil y el profesorado.<\/p>\r\n<p>El programa trabaja creando estrategias que ayudan a mejorar el rendimiento acad\u00e9mico de la comunidad estudiantil y colaboran en su formaci\u00f3n integral; enfocadas en la disminuci\u00f3n de los \u00edndices de reprobaci\u00f3n, deserci\u00f3n y rezago, favoreciendo la eficiencia terminal.<\/p>\r\n<p>La tutor\u00eda se imparte en modalidad grupal e individual durante los dos primeros semestres de todas las carreras. A partir del tercer semestre el acompa\u00f1amiento se fusiona con la asesor\u00eda acad\u00e9mica, pudiendo si es necesario, seguir apoyando en otros aspectos que \u00e9l o la estudiante requiera.<\/p>\r\n<p>Gracias al Programa Institucional de Tutor\u00edas (PIT) es posible:<\/p>\r\n<ul>\r\n<li>\r\n<p>Detectar situaciones que ponen en peligro la eficiencia terminal a nivel individual, grupal e institucional.<\/p>\r\n<\/li>\r\n<li>\r\n<p>Desarrollar estrategias para la resoluci\u00f3n de conflictos que arriesguen la trayectoria acad\u00e9mica de la comunidad estudiantil.<\/p>\r\n<\/li>\r\n<li>\r\n<p>Planear eventos de integraci\u00f3n estudiantil.<\/p>\r\n<\/li>\r\n<\/ul>\r\n<p>Es posible impartir la tutor\u00eda de manera presencial,\u00a0 virtual o mixta, de acuerdo al programa acad\u00e9mico y las necesidades de la Comunidad Tecnol\u00f3gica.<\/p>\r\n\r\n<h4>Formatos de trabajo en tutor\u00edas:<\/h4>\r\n\r\n<p>Programa Institucional de Asesor\u00eda Acad\u00e9mica<\/p>\r\n<p>La asesor\u00eda acad\u00e9mica forma parte de un sistema que pretende fortalecer el proceso de ense\u00f1anza &#8211; aprendizaje, comprometiendo a cada una de las partes a trabajar en pro de una formaci\u00f3n integral. As\u00ed, docentes, autoridades educativas y estudiantes, se involucran en el trabajo de manera cooperativa, emp\u00e1tica y con un fin com\u00fan. El Departamento de Desarrollo Acad\u00e9mico opera el programa a trav\u00e9s de la Coordinaci\u00f3n Institucional de Tutor\u00edas.<\/p>\r\n<ul>\r\n<li>\r\n<p>Se trata una orientaci\u00f3n para la comunidad estudiantil en los temas o asignaturas en los que presentan dificultades acad\u00e9micas. As\u00ed como para el nuevo ingreso que presentan rezago desde el bachillerato detectado en el examen de admisi\u00f3n.<\/p>\r\n<\/li>\r\n<li>\r\n<p>Trabaja en el reforzamiento de los contenidos tem\u00e1ticos de las asignaturas en las que se detecta un alto \u00edndice de reprobaci\u00f3n.<\/p>\r\n<\/li>\r\n<li>\r\n<p>El Programa integra el trabajo de docentes, directivos y estudiantes, siendo la colaboraci\u00f3n entre ellos fundamental para cumplir su objetivo. Se caracteriza por el apoyo respetuoso para estudiantes que presentan rezago en alguna asignatura, tomando en cuenta su historia personal y competencias. Juntos trabajan docentes, asesores, estudiantes monitores que deseen apoyar a sus pares, las coordinaciones y los directivos.<\/p>\r\n<\/li>\r\n<\/ul>\r\n<p>Las asignaturas impartidas se deciden de acuerdo a un an\u00e1lisis de los indicadores de reprobaci\u00f3n, ausentismo y deserci\u00f3n por carrera, as\u00ed como de las necesidades externadas por la comunidad del Tecnol\u00f3gico.<\/p>\r\n<p>Es posible impartir la asesor\u00eda en modalidad presencial, virtual o mixta; de tipo grupal o individual, de acuerdo a la asignatura y las necesidades del estudiantado y \u00e9stas se complementan con cursos de verano, cursos en l\u00ednea y cursos sabatinos.<\/p>\r\n\r\n<p>Paliad<\/p>\r\n<p>El programa tiene como objetivo acercar a la comunidad estudiantil a la lectura, con temas espec\u00edficos durante toda su carrera, con la finalidad de que adquieran herramientas y desarrollen competencias que solo la lectura brinda; incluyendo las \u00e1reas de desarrollo individual, social y profesional.<\/p>\r\n<p>La conclusi\u00f3n de su trabajo es un foro semestral que permite el intercambio de ideas, percepciones y emociones entre estudiantes y docentes sobre las lecturas realizadas. Durante el semestre tambi\u00e9n socializan a trav\u00e9s\u00a0 distintas actividades y expresiones, ya sea en el aula o en espacios abiertos, virtuales y presenciales que los y las estudiantes organizan con ayuda de su tutor(a) y el maestro(a) lector(a).<\/p>\r\n<p>El programa est\u00e1 organizado en tres etapas, durante las cuales el \u00a0o la estudiante realiza lecturas espec\u00edficas y supervisadas por su docente.<\/p>\r\n<ul>\r\n<li>\r\n<p>En la primera etapa (semestres iniciales), se incluyen lecturas enfocadas al desarrollo humano. Son textos de corte humanista que permiten un acercamiento reflexivo a la lectura, mismos que apoyan la formaci\u00f3n integral de la comunidad estudiantil, fortaleciendo su compromiso con el aprendizaje y crecimiento individual.<\/p>\r\n<\/li>\r\n<li>\r\n<p>En un segundo momento los textos se enfocan al reconocimiento de su realidad social y el papel que juegan en ella.<\/p>\r\n<\/li>\r\n<li>\r\n<p>En la tercera etapa las lecturas est\u00e1n enfocadas en su \u00e1rea de estudio con la finalidad de optimizar y potencializar sus competencias profesionales, sumando a su desarrollo humano y social.<\/p>\r\n<\/li>\r\n<\/ul>\r\n<p>La Coordinaci\u00f3n Institucional de Tutor\u00edas atiende el programa sumando a docentes tutores a este esfuerzo con la comunidad estudiantil de nuevo ingreso y promovi\u00e9ndolo con docentes de semestres posteriores.<\/p>\r\n<p>Es importante mencionar que las actividades que se llevan a cabo en el programa son \u00fanicamente formativas, por lo que no tienen ning\u00fan valor en la calificaci\u00f3n del estudiante.<\/p>\r\n\r\n<p>Coordinaci\u00f3n PIT ITES Los Cabos<\/p>\r\n<p>Lic. Fanny Alejandra G\u00f3mez Alcauter<\/p>\r\n<p><a href=\"mailto:tutorias@loscabos.tecnm.mx\" target=\"_self\" rel=\"noopener\">tutorias@loscabos.tecnm.mx<\/a><\/p>\r\n<p>624 142 59 39<\/p>\r\n\r\n","protected":false},"excerpt":{"rendered":"<p>tutor\u00edas PROGRAMA INSTITUCIONAL DE TUTOR\u00cdAS En el Instituto Tecnol\u00f3gico de Estudios Superior de Los Cabos (ITES Los Cabos) hemos desarrollado programas de apoyo que, junto a las asignaturas regulares, forman una red de soporte para nuestra comunidad estudiantil, con el objetivo de que culminen su formaci\u00f3n superior. \u200b La Tutor\u00eda forma parte de esta red, &hellip;<\/p>\n<p class=\"read-more\"> <a class=\"\" href=\"https:\/\/www.itesloscabos.edu.mx\/inicio\/contador-publico-copy\/\"> <span class=\"screen-reader-text\">Tutor\u00edas<\/span> Leer m\u00e1s &raquo;<\/a><\/p>\n","protected":false},"author":1,"featured_media":0,"parent":0,"menu_order":0,"comment_status":"closed","ping_status":"closed","template":"","meta":{"om_disable_all_campaigns":false,"_monsterinsights_skip_tracking":false,"_monsterinsights_sitenote_active":false,"_monsterinsights_sitenote_note":"","_monsterinsights_sitenote_category":0,"_uf_show_specific_survey":0,"_uf_disable_surveys":false,"site-sidebar-layout":"no-sidebar","site-content-layout":"page-builder","ast-main-header-display":"","ast-hfb-above-header-display":"","ast-hfb-below-header-display":"","ast-hfb-mobile-header-display":"","site-post-title":"disabled","ast-breadcrumbs-content":"","ast-featured-img":"disabled","footer-sml-layout":"","theme-transparent-header-meta":"default","adv-header-id-meta":"","stick-header-meta":"","header-above-stick-meta":"","header-main-stick-meta":"","header-below-stick-meta":"","footnotes":""},"class_list":["post-860","page","type-page","status-publish","hentry"],"aioseo_notices":[],"yoast_head":"<!-- This site is optimized with the Yoast SEO plugin v27.2 - https:\/\/yoast.com\/product\/yoast-seo-wordpress\/ -->\n<title>Tutor\u00edas - ITES<\/title>\n<meta name=\"robots\" content=\"index, follow, max-snippet:-1, max-image-preview:large, max-video-preview:-1\" \/>\n<link rel=\"canonical\" href=\"https:\/\/www.itesloscabos.edu.mx\/inicio\/contador-publico-copy\/\" \/>\n<meta property=\"og:locale\" content=\"es_ES\" \/>\n<meta property=\"og:type\" content=\"article\" \/>\n<meta property=\"og:title\" content=\"Tutor\u00edas - ITES\" \/>\n<meta property=\"og:description\" content=\"tutor\u00edas PROGRAMA INSTITUCIONAL DE TUTOR\u00cdAS En el Instituto Tecnol\u00f3gico de Estudios Superior de Los Cabos (ITES Los Cabos) hemos desarrollado programas de apoyo que, junto a las asignaturas regulares, forman una red de soporte para nuestra comunidad estudiantil, con el objetivo de que culminen su formaci\u00f3n superior. \u200b La Tutor\u00eda forma parte de esta red, &hellip; Tutor\u00edas Leer m\u00e1s &raquo;\" \/>\n<meta property=\"og:url\" content=\"https:\/\/www.itesloscabos.edu.mx\/inicio\/contador-publico-copy\/\" \/>\n<meta property=\"og:site_name\" content=\"ITES\" \/>\n<meta property=\"article:modified_time\" content=\"2022-03-16T02:57:46+00:00\" \/>\n<meta property=\"og:image\" content=\"https:\/\/ciproba.com.mx\/wp-content\/plugins\/beaver-builder-lite-version\/img\/pixel.png\" \/>\n<meta name=\"twitter:card\" content=\"summary_large_image\" \/>\n<meta name=\"twitter:label1\" content=\"Tiempo de lectura\" \/>\n\t<meta name=\"twitter:data1\" content=\"5 minutos\" \/>\n<script type=\"application\/ld+json\" class=\"yoast-schema-graph\">{\"@context\":\"https:\/\/schema.org\",\"@graph\":[{\"@type\":\"WebPage\",\"@id\":\"https:\/\/www.itesloscabos.edu.mx\/inicio\/contador-publico-copy\/\",\"url\":\"https:\/\/www.itesloscabos.edu.mx\/inicio\/contador-publico-copy\/\",\"name\":\"Tutor\u00edas - ITES\",\"isPartOf\":{\"@id\":\"https:\/\/www.itesloscabos.edu.mx\/inicio\/#website\"},\"primaryImageOfPage\":{\"@id\":\"https:\/\/www.itesloscabos.edu.mx\/inicio\/contador-publico-copy\/#primaryimage\"},\"image\":{\"@id\":\"https:\/\/www.itesloscabos.edu.mx\/inicio\/contador-publico-copy\/#primaryimage\"},\"thumbnailUrl\":\"https:\/\/ciproba.com.mx\/wp-content\/plugins\/beaver-builder-lite-version\/img\/pixel.png\",\"datePublished\":\"2022-03-16T02:55:26+00:00\",\"dateModified\":\"2022-03-16T02:57:46+00:00\",\"breadcrumb\":{\"@id\":\"https:\/\/www.itesloscabos.edu.mx\/inicio\/contador-publico-copy\/#breadcrumb\"},\"inLanguage\":\"es\",\"potentialAction\":[{\"@type\":\"ReadAction\",\"target\":[\"https:\/\/www.itesloscabos.edu.mx\/inicio\/contador-publico-copy\/\"]}]},{\"@type\":\"ImageObject\",\"inLanguage\":\"es\",\"@id\":\"https:\/\/www.itesloscabos.edu.mx\/inicio\/contador-publico-copy\/#primaryimage\",\"url\":\"https:\/\/ciproba.com.mx\/wp-content\/plugins\/beaver-builder-lite-version\/img\/pixel.png\",\"contentUrl\":\"https:\/\/ciproba.com.mx\/wp-content\/plugins\/beaver-builder-lite-version\/img\/pixel.png\"},{\"@type\":\"BreadcrumbList\",\"@id\":\"https:\/\/www.itesloscabos.edu.mx\/inicio\/contador-publico-copy\/#breadcrumb\",\"itemListElement\":[{\"@type\":\"ListItem\",\"position\":1,\"name\":\"Portada\",\"item\":\"https:\/\/www.itesloscabos.edu.mx\/inicio\/\"},{\"@type\":\"ListItem\",\"position\":2,\"name\":\"Tutor\u00edas\"}]},{\"@type\":\"WebSite\",\"@id\":\"https:\/\/www.itesloscabos.edu.mx\/inicio\/#website\",\"url\":\"https:\/\/www.itesloscabos.edu.mx\/inicio\/\",\"name\":\"ITES\",\"description\":\"Los Cabos\",\"potentialAction\":[{\"@type\":\"SearchAction\",\"target\":{\"@type\":\"EntryPoint\",\"urlTemplate\":\"https:\/\/www.itesloscabos.edu.mx\/inicio\/?s={search_term_string}\"},\"query-input\":{\"@type\":\"PropertyValueSpecification\",\"valueRequired\":true,\"valueName\":\"search_term_string\"}}],\"inLanguage\":\"es\"}]}<\/script>\n<!-- \/ Yoast SEO plugin. -->","yoast_head_json":{"title":"Tutor\u00edas - ITES","robots":{"index":"index","follow":"follow","max-snippet":"max-snippet:-1","max-image-preview":"max-image-preview:large","max-video-preview":"max-video-preview:-1"},"canonical":"https:\/\/www.itesloscabos.edu.mx\/inicio\/contador-publico-copy\/","og_locale":"es_ES","og_type":"article","og_title":"Tutor\u00edas - ITES","og_description":"tutor\u00edas PROGRAMA INSTITUCIONAL DE TUTOR\u00cdAS En el Instituto Tecnol\u00f3gico de Estudios Superior de Los Cabos (ITES Los Cabos) hemos desarrollado programas de apoyo que, junto a las asignaturas regulares, forman una red de soporte para nuestra comunidad estudiantil, con el objetivo de que culminen su formaci\u00f3n superior. \u200b La Tutor\u00eda forma parte de esta red, &hellip; Tutor\u00edas Leer m\u00e1s &raquo;","og_url":"https:\/\/www.itesloscabos.edu.mx\/inicio\/contador-publico-copy\/","og_site_name":"ITES","article_modified_time":"2022-03-16T02:57:46+00:00","og_image":[{"url":"https:\/\/ciproba.com.mx\/wp-content\/plugins\/beaver-builder-lite-version\/img\/pixel.png","type":"","width":"","height":""}],"twitter_card":"summary_large_image","twitter_misc":{"Tiempo de lectura":"5 minutos"},"schema":{"@context":"https:\/\/schema.org","@graph":[{"@type":"WebPage","@id":"https:\/\/www.itesloscabos.edu.mx\/inicio\/contador-publico-copy\/","url":"https:\/\/www.itesloscabos.edu.mx\/inicio\/contador-publico-copy\/","name":"Tutor\u00edas - ITES","isPartOf":{"@id":"https:\/\/www.itesloscabos.edu.mx\/inicio\/#website"},"primaryImageOfPage":{"@id":"https:\/\/www.itesloscabos.edu.mx\/inicio\/contador-publico-copy\/#primaryimage"},"image":{"@id":"https:\/\/www.itesloscabos.edu.mx\/inicio\/contador-publico-copy\/#primaryimage"},"thumbnailUrl":"https:\/\/ciproba.com.mx\/wp-content\/plugins\/beaver-builder-lite-version\/img\/pixel.png","datePublished":"2022-03-16T02:55:26+00:00","dateModified":"2022-03-16T02:57:46+00:00","breadcrumb":{"@id":"https:\/\/www.itesloscabos.edu.mx\/inicio\/contador-publico-copy\/#breadcrumb"},"inLanguage":"es","potentialAction":[{"@type":"ReadAction","target":["https:\/\/www.itesloscabos.edu.mx\/inicio\/contador-publico-copy\/"]}]},{"@type":"ImageObject","inLanguage":"es","@id":"https:\/\/www.itesloscabos.edu.mx\/inicio\/contador-publico-copy\/#primaryimage","url":"https:\/\/ciproba.com.mx\/wp-content\/plugins\/beaver-builder-lite-version\/img\/pixel.png","contentUrl":"https:\/\/ciproba.com.mx\/wp-content\/plugins\/beaver-builder-lite-version\/img\/pixel.png"},{"@type":"BreadcrumbList","@id":"https:\/\/www.itesloscabos.edu.mx\/inicio\/contador-publico-copy\/#breadcrumb","itemListElement":[{"@type":"ListItem","position":1,"name":"Portada","item":"https:\/\/www.itesloscabos.edu.mx\/inicio\/"},{"@type":"ListItem","position":2,"name":"Tutor\u00edas"}]},{"@type":"WebSite","@id":"https:\/\/www.itesloscabos.edu.mx\/inicio\/#website","url":"https:\/\/www.itesloscabos.edu.mx\/inicio\/","name":"ITES","description":"Los Cabos","potentialAction":[{"@type":"SearchAction","target":{"@type":"EntryPoint","urlTemplate":"https:\/\/www.itesloscabos.edu.mx\/inicio\/?s={search_term_string}"},"query-input":{"@type":"PropertyValueSpecification","valueRequired":true,"valueName":"search_term_string"}}],"inLanguage":"es"}]}},"blog_post_layout_featured_media_urls":{"thumbnail":"","full":""},"categories_names":null,"comments_number":"0","_links":{"self":[{"href":"https:\/\/www.itesloscabos.edu.mx\/inicio\/wp-json\/wp\/v2\/pages\/860","targetHints":{"allow":["GET"]}}],"collection":[{"href":"https:\/\/www.itesloscabos.edu.mx\/inicio\/wp-json\/wp\/v2\/pages"}],"about":[{"href":"https:\/\/www.itesloscabos.edu.mx\/inicio\/wp-json\/wp\/v2\/types\/page"}],"author":[{"embeddable":true,"href":"https:\/\/www.itesloscabos.edu.mx\/inicio\/wp-json\/wp\/v2\/users\/1"}],"replies":[{"embeddable":true,"href":"https:\/\/www.itesloscabos.edu.mx\/inicio\/wp-json\/wp\/v2\/comments?post=860"}],"version-history":[{"count":2,"href":"https:\/\/www.itesloscabos.edu.mx\/inicio\/wp-json\/wp\/v2\/pages\/860\/revisions"}],"predecessor-version":[{"id":862,"href":"https:\/\/www.itesloscabos.edu.mx\/inicio\/wp-json\/wp\/v2\/pages\/860\/revisions\/862"}],"wp:attachment":[{"href":"https:\/\/www.itesloscabos.edu.mx\/inicio\/wp-json\/wp\/v2\/media?parent=860"}],"curies":[{"name":"wp","href":"https:\/\/api.w.org\/{rel}","templated":true}]}}