{"id":5542,"date":"2024-10-27T18:33:57","date_gmt":"2024-10-28T00:33:57","guid":{"rendered":"https:\/\/www.itesloscabos.edu.mx\/inicio\/?page_id=5542"},"modified":"2025-10-31T19:20:14","modified_gmt":"2025-11-01T01:20:14","slug":"indicadores-de-resultados","status":"publish","type":"page","link":"https:\/\/www.itesloscabos.edu.mx\/inicio\/indicadores-de-resultados\/","title":{"rendered":"Indicadores de Resultados"},"content":{"rendered":"\n<h1>\n\t\t\tIndicadores de Resultados\t<\/h1>\n\t<p><strong>Fundamento legal.<\/strong><\/p>\n<p>LEY GENERAL DE CONTABILIDAD GUBERNAMENTAL<\/p>\n<p>Art\u00edculo 46.- \u00abEn lo relativo a la Federaci\u00f3n, los sistemas contables de los poderes Ejecutivo, Legislativo y Judicial, las entidades de la Administraci\u00f3n P\u00fablica Paraestatal y los \u00f3rganos aut\u00f3nomos, permitir\u00e1n en la medida que corresponda, la generaci\u00f3n peri\u00f3dica de los estados y la informaci\u00f3n financiera que a continuaci\u00f3n se se\u00f1ala:<\/p>\n<p>&#8230;<\/p>\n<p>III.\u00a0\u00a0\u00a0\u00a0\u00a0\u00a0\u00a0 Informaci\u00f3n program\u00e1tica, con la desagregaci\u00f3n siguiente:<\/p>\n<ol>\n<li>c) Indicadores de resultados&#8230;\u00bb<\/li>\n<\/ol>\n<p>Art\u00edculo 51.- La informaci\u00f3n financiera que generen los entes p\u00fablicos en cumplimiento de esta Ley ser\u00e1 organizada, sistematizada y difundida por cada uno de \u00e9stos, al menos, trimestralmente en sus respectivas p\u00e1ginas electr\u00f3nicas de internet, a m\u00e1s tardar 30 d\u00edas despu\u00e9s del cierre del per\u00edodo que corresponda, en t\u00e9rminos de las disposiciones en materia de transparencia que les sean aplicables y, en su caso, de los criterios que emita el consejo. La difusi\u00f3n de la informaci\u00f3n v\u00eda internet no exime los informes que deben presentarse ante el Congreso de la Uni\u00f3n y las legislaturas locales, seg\u00fan sea el caso.<\/p>\n<h2>\n\t\t\tInformaci\u00f3n Contable\t<\/h2>\n\t<p>&nbsp;<\/p>\n<p>MIR 2025\u00a0 \u00a0<a href=\"https:\/\/drive.google.com\/file\/d\/1Qom96A3kYVcIlQcanNYNQh4AfHGb_AhO\/view?usp=sharing\">1er Trimestre<\/a> \u00a0\u00a0 <a href=\"https:\/\/drive.google.com\/file\/d\/1YEKlcZ38NrHcuZ1JB8aA-XwbaXo3QoQP\/view?usp=sharing\">\u00a02do Trimestre<\/a> \u00a0\u00a0 \u00a0<a href=\"https:\/\/drive.google.com\/file\/d\/1hNWIos5US4tCeM5SX-r37NH8gsLCV9BR\/view?usp=sharing\">3er Trimestre<\/a>\u00a0 \u00a0 \u00a04to Trimestre<\/p>\n<p class=\"collapseomatic \" id=\"id69e5a64810c44\"  tabindex=\"0\" title=\"2024\"    >2024<\/p><div id=\"target-id69e5a64810c44\" class=\"collapseomatic_content \">\n<p><a href=\"https:\/\/drive.google.com\/file\/d\/1SMwIdzT4jTE0kYiynlvKnYwclzOUyjaA\/view?usp=sharing\">MIR 2024<\/a>\u00a0 \u00a0<a href=\"https:\/\/drive.google.com\/file\/d\/1bMixGnMgq_7FvOUKcndwsyMTFCJu59as\/view?usp=sharing\">1er Trimestre<\/a> \u00a0\u00a0 \u00a0<a href=\"https:\/\/drive.google.com\/file\/d\/1Vf78O6sYviTUQZqFOY6ZdrxLzDvZLwX2\/view?usp=sharing\">2do Trimestre<\/a> \u00a0\u00a0 \u00a0<a href=\"https:\/\/drive.google.com\/file\/d\/1EQH-YPJE06q8SX1OakwKjYOMUqWGE2_W\/view?usp=sharing\">3er Trimestre<\/a>\u00a0 \u00a0 \u00a04to Trimestre<\/p>\n<\/div>\n<p class=\"collapseomatic \" id=\"id69e5a64810c63\"  tabindex=\"0\" title=\"2023\"    >2023<\/p><div id=\"target-id69e5a64810c63\" class=\"collapseomatic_content \">\n<p><a href=\"https:\/\/n9.cl\/rwk2p2\">MIR 2023<\/a> \u00a0\u00a0<a href=\"https:\/\/n9.cl\/7itqp\">1er Trimestre<\/a> \u00a0\u00a0 \u00a0<a href=\"https:\/\/n9.cl\/n8nbk2\">2do Trimestre<\/a> \u00a0\u00a0 \u00a0<a href=\"https:\/\/n9.cl\/cq6ksi\">3er Trimestre<\/a> \u00a0\u00a0 \u00a0<a href=\"https:\/\/n9.cl\/1zdmw\">4to Trimestre<\/a><\/p>\n<\/div>\n<p>&nbsp;<\/p>\n<p>&nbsp;<\/p>\n<p>&nbsp;<\/p>\n\n","protected":false},"excerpt":{"rendered":"<p>Indicadores de Resultados Fundamento legal. LEY GENERAL DE CONTABILIDAD GUBERNAMENTAL Art\u00edculo 46.- \u00abEn lo relativo a la Federaci\u00f3n, los sistemas contables de los poderes Ejecutivo, Legislativo y Judicial, las entidades de la Administraci\u00f3n P\u00fablica Paraestatal y los \u00f3rganos aut\u00f3nomos, permitir\u00e1n en la medida que corresponda, la generaci\u00f3n peri\u00f3dica de los estados y la informaci\u00f3n financiera &hellip;<\/p>\n<p class=\"read-more\"> <a class=\"\" href=\"https:\/\/www.itesloscabos.edu.mx\/inicio\/indicadores-de-resultados\/\"> <span class=\"screen-reader-text\">Indicadores de Resultados<\/span> Leer m\u00e1s &raquo;<\/a><\/p>\n","protected":false},"author":1,"featured_media":0,"parent":0,"menu_order":0,"comment_status":"closed","ping_status":"closed","template":"","meta":{"om_disable_all_campaigns":false,"_monsterinsights_skip_tracking":false,"_monsterinsights_sitenote_active":false,"_monsterinsights_sitenote_note":"","_monsterinsights_sitenote_category":0,"_uf_show_specific_survey":0,"_uf_disable_surveys":false,"site-sidebar-layout":"no-sidebar","site-content-layout":"page-builder","ast-main-header-display":"","ast-hfb-above-header-display":"","ast-hfb-below-header-display":"","ast-hfb-mobile-header-display":"","site-post-title":"disabled","ast-breadcrumbs-content":"","ast-featured-img":"disabled","footer-sml-layout":"","theme-transparent-header-meta":"default","adv-header-id-meta":"","stick-header-meta":"","header-above-stick-meta":"","header-main-stick-meta":"","header-below-stick-meta":"","footnotes":""},"class_list":["post-5542","page","type-page","status-publish","hentry"],"aioseo_notices":[],"yoast_head":"<!-- This site is optimized with the Yoast SEO plugin v27.2 - https:\/\/yoast.com\/product\/yoast-seo-wordpress\/ -->\n<title>Indicadores de Resultados - ITES<\/title>\n<meta name=\"robots\" content=\"index, follow, max-snippet:-1, max-image-preview:large, max-video-preview:-1\" \/>\n<link rel=\"canonical\" href=\"https:\/\/www.itesloscabos.edu.mx\/inicio\/indicadores-de-resultados\/\" \/>\n<meta property=\"og:locale\" content=\"es_ES\" \/>\n<meta property=\"og:type\" content=\"article\" \/>\n<meta property=\"og:title\" content=\"Indicadores de Resultados - ITES\" \/>\n<meta property=\"og:description\" content=\"Indicadores de Resultados Fundamento legal. LEY GENERAL DE CONTABILIDAD GUBERNAMENTAL Art\u00edculo 46.- \u00abEn lo relativo a la Federaci\u00f3n, los sistemas contables de los poderes Ejecutivo, Legislativo y Judicial, las entidades de la Administraci\u00f3n P\u00fablica Paraestatal y los \u00f3rganos aut\u00f3nomos, permitir\u00e1n en la medida que corresponda, la generaci\u00f3n peri\u00f3dica de los estados y la informaci\u00f3n financiera &hellip; Indicadores de Resultados Leer m\u00e1s &raquo;\" \/>\n<meta property=\"og:url\" content=\"https:\/\/www.itesloscabos.edu.mx\/inicio\/indicadores-de-resultados\/\" \/>\n<meta property=\"og:site_name\" content=\"ITES\" \/>\n<meta property=\"article:modified_time\" content=\"2025-11-01T01:20:14+00:00\" \/>\n<meta name=\"twitter:card\" content=\"summary_large_image\" \/>\n<meta name=\"twitter:label1\" content=\"Tiempo de lectura\" \/>\n\t<meta name=\"twitter:data1\" content=\"1 minuto\" \/>\n<script type=\"application\/ld+json\" class=\"yoast-schema-graph\">{\"@context\":\"https:\/\/schema.org\",\"@graph\":[{\"@type\":\"WebPage\",\"@id\":\"https:\/\/www.itesloscabos.edu.mx\/inicio\/indicadores-de-resultados\/\",\"url\":\"https:\/\/www.itesloscabos.edu.mx\/inicio\/indicadores-de-resultados\/\",\"name\":\"Indicadores de Resultados - ITES\",\"isPartOf\":{\"@id\":\"https:\/\/www.itesloscabos.edu.mx\/inicio\/#website\"},\"datePublished\":\"2024-10-28T00:33:57+00:00\",\"dateModified\":\"2025-11-01T01:20:14+00:00\",\"breadcrumb\":{\"@id\":\"https:\/\/www.itesloscabos.edu.mx\/inicio\/indicadores-de-resultados\/#breadcrumb\"},\"inLanguage\":\"es\",\"potentialAction\":[{\"@type\":\"ReadAction\",\"target\":[\"https:\/\/www.itesloscabos.edu.mx\/inicio\/indicadores-de-resultados\/\"]}]},{\"@type\":\"BreadcrumbList\",\"@id\":\"https:\/\/www.itesloscabos.edu.mx\/inicio\/indicadores-de-resultados\/#breadcrumb\",\"itemListElement\":[{\"@type\":\"ListItem\",\"position\":1,\"name\":\"Portada\",\"item\":\"https:\/\/www.itesloscabos.edu.mx\/inicio\/\"},{\"@type\":\"ListItem\",\"position\":2,\"name\":\"Indicadores de Resultados\"}]},{\"@type\":\"WebSite\",\"@id\":\"https:\/\/www.itesloscabos.edu.mx\/inicio\/#website\",\"url\":\"https:\/\/www.itesloscabos.edu.mx\/inicio\/\",\"name\":\"ITES\",\"description\":\"Los Cabos\",\"potentialAction\":[{\"@type\":\"SearchAction\",\"target\":{\"@type\":\"EntryPoint\",\"urlTemplate\":\"https:\/\/www.itesloscabos.edu.mx\/inicio\/?s={search_term_string}\"},\"query-input\":{\"@type\":\"PropertyValueSpecification\",\"valueRequired\":true,\"valueName\":\"search_term_string\"}}],\"inLanguage\":\"es\"}]}<\/script>\n<!-- \/ Yoast SEO plugin. -->","yoast_head_json":{"title":"Indicadores de Resultados - ITES","robots":{"index":"index","follow":"follow","max-snippet":"max-snippet:-1","max-image-preview":"max-image-preview:large","max-video-preview":"max-video-preview:-1"},"canonical":"https:\/\/www.itesloscabos.edu.mx\/inicio\/indicadores-de-resultados\/","og_locale":"es_ES","og_type":"article","og_title":"Indicadores de Resultados - ITES","og_description":"Indicadores de Resultados Fundamento legal. LEY GENERAL DE CONTABILIDAD GUBERNAMENTAL Art\u00edculo 46.- \u00abEn lo relativo a la Federaci\u00f3n, los sistemas contables de los poderes Ejecutivo, Legislativo y Judicial, las entidades de la Administraci\u00f3n P\u00fablica Paraestatal y los \u00f3rganos aut\u00f3nomos, permitir\u00e1n en la medida que corresponda, la generaci\u00f3n peri\u00f3dica de los estados y la informaci\u00f3n financiera &hellip; Indicadores de Resultados Leer m\u00e1s &raquo;","og_url":"https:\/\/www.itesloscabos.edu.mx\/inicio\/indicadores-de-resultados\/","og_site_name":"ITES","article_modified_time":"2025-11-01T01:20:14+00:00","twitter_card":"summary_large_image","twitter_misc":{"Tiempo de lectura":"1 minuto"},"schema":{"@context":"https:\/\/schema.org","@graph":[{"@type":"WebPage","@id":"https:\/\/www.itesloscabos.edu.mx\/inicio\/indicadores-de-resultados\/","url":"https:\/\/www.itesloscabos.edu.mx\/inicio\/indicadores-de-resultados\/","name":"Indicadores de Resultados - ITES","isPartOf":{"@id":"https:\/\/www.itesloscabos.edu.mx\/inicio\/#website"},"datePublished":"2024-10-28T00:33:57+00:00","dateModified":"2025-11-01T01:20:14+00:00","breadcrumb":{"@id":"https:\/\/www.itesloscabos.edu.mx\/inicio\/indicadores-de-resultados\/#breadcrumb"},"inLanguage":"es","potentialAction":[{"@type":"ReadAction","target":["https:\/\/www.itesloscabos.edu.mx\/inicio\/indicadores-de-resultados\/"]}]},{"@type":"BreadcrumbList","@id":"https:\/\/www.itesloscabos.edu.mx\/inicio\/indicadores-de-resultados\/#breadcrumb","itemListElement":[{"@type":"ListItem","position":1,"name":"Portada","item":"https:\/\/www.itesloscabos.edu.mx\/inicio\/"},{"@type":"ListItem","position":2,"name":"Indicadores de Resultados"}]},{"@type":"WebSite","@id":"https:\/\/www.itesloscabos.edu.mx\/inicio\/#website","url":"https:\/\/www.itesloscabos.edu.mx\/inicio\/","name":"ITES","description":"Los Cabos","potentialAction":[{"@type":"SearchAction","target":{"@type":"EntryPoint","urlTemplate":"https:\/\/www.itesloscabos.edu.mx\/inicio\/?s={search_term_string}"},"query-input":{"@type":"PropertyValueSpecification","valueRequired":true,"valueName":"search_term_string"}}],"inLanguage":"es"}]}},"blog_post_layout_featured_media_urls":{"thumbnail":"","full":""},"categories_names":null,"comments_number":"0","_links":{"self":[{"href":"https:\/\/www.itesloscabos.edu.mx\/inicio\/wp-json\/wp\/v2\/pages\/5542","targetHints":{"allow":["GET"]}}],"collection":[{"href":"https:\/\/www.itesloscabos.edu.mx\/inicio\/wp-json\/wp\/v2\/pages"}],"about":[{"href":"https:\/\/www.itesloscabos.edu.mx\/inicio\/wp-json\/wp\/v2\/types\/page"}],"author":[{"embeddable":true,"href":"https:\/\/www.itesloscabos.edu.mx\/inicio\/wp-json\/wp\/v2\/users\/1"}],"replies":[{"embeddable":true,"href":"https:\/\/www.itesloscabos.edu.mx\/inicio\/wp-json\/wp\/v2\/comments?post=5542"}],"version-history":[{"count":17,"href":"https:\/\/www.itesloscabos.edu.mx\/inicio\/wp-json\/wp\/v2\/pages\/5542\/revisions"}],"predecessor-version":[{"id":6328,"href":"https:\/\/www.itesloscabos.edu.mx\/inicio\/wp-json\/wp\/v2\/pages\/5542\/revisions\/6328"}],"wp:attachment":[{"href":"https:\/\/www.itesloscabos.edu.mx\/inicio\/wp-json\/wp\/v2\/media?parent=5542"}],"curies":[{"name":"wp","href":"https:\/\/api.w.org\/{rel}","templated":true}]}}