{"id":2668,"date":"2023-07-25T17:59:45","date_gmt":"2023-07-25T23:59:45","guid":{"rendered":"https:\/\/www.itesloscabos.edu.mx\/inicio\/?page_id=2668"},"modified":"2023-07-25T18:32:16","modified_gmt":"2023-07-26T00:32:16","slug":"contraloria-social","status":"publish","type":"page","link":"https:\/\/www.itesloscabos.edu.mx\/inicio\/contraloria-social\/","title":{"rendered":"Contralor\u00eda Social"},"content":{"rendered":"\n\n\t\t\t<a href=\"https:\/\/www.itesloscabos.edu.mx\/inicio\/contraloria\/\" target=\"_self\" role=\"button\" rel=\"nofollow noopener\">\n\t\t\t\t\t\t\tPRODEP\n\t\t\t\t\t<\/a>\n\t\t\t<a href=\"https:\/\/www.itesloscabos.edu.mx\/inicio\/contraloria-social-del-programa-presupuestario-s247\/\" target=\"_self\" role=\"button\" rel=\"noopener\">\n\t\t\t\t\t\t\tContralor\u00eda Social\n\t\t\t\t\t<\/a>\n\t\t\t<a href=\"https:\/\/www.itesloscabos.edu.mx\/inicio\/documentos-normativos\/\" target=\"_self\" role=\"button\" rel=\"noopener\">\n\t\t\t\t\t\t\tDocumentos Normativos\n\t\t\t\t\t<\/a>\n\t\t\t<a href=\"https:\/\/www.itesloscabos.edu.mx\/inicio\/informes\/\" target=\"_self\" role=\"button\" rel=\"noopener\">\n\t\t\t\t\t\t\tInformes\n\t\t\t\t\t<\/a>\n\t\t\t<a href=\"https:\/\/www.itesloscabos.edu.mx\/inicio\/quejas-denuncias-peticiones-o-irregularidades\/\" target=\"_self\" role=\"button\" rel=\"noopener\">\n\t\t\t\t\t\t\tQuejas Denuncias, Peticiones o Irregularidades\n\t\t\t\t\t<\/a>\n\t\t\t<a href=\"https:\/\/www.itesloscabos.edu.mx\/inicio\/manual-del-sistema-informatico-de-c-s-sics\/\" target=\"_self\" role=\"button\" rel=\"noopener\">\n\t\t\t\t\t\t\tManual Sistema Inform\u00e1tico C.S.\n\t\t\t\t\t<\/a>\n\n","protected":false},"excerpt":{"rendered":"<p>PRODEP Contralor\u00eda Social Documentos Normativos Informes Quejas Denuncias, Peticiones o Irregularidades Manual Sistema Inform\u00e1tico C.S.<\/p>\n","protected":false},"author":1,"featured_media":0,"parent":0,"menu_order":0,"comment_status":"closed","ping_status":"closed","template":"","meta":{"om_disable_all_campaigns":false,"_monsterinsights_skip_tracking":false,"_monsterinsights_sitenote_active":false,"_monsterinsights_sitenote_note":"","_monsterinsights_sitenote_category":0,"_uf_show_specific_survey":0,"_uf_disable_surveys":false,"site-sidebar-layout":"no-sidebar","site-content-layout":"page-builder","ast-main-header-display":"","ast-hfb-above-header-display":"","ast-hfb-below-header-display":"","ast-hfb-mobile-header-display":"","site-post-title":"disabled","ast-breadcrumbs-content":"","ast-featured-img":"disabled","footer-sml-layout":"","theme-transparent-header-meta":"default","adv-header-id-meta":"","stick-header-meta":"","header-above-stick-meta":"","header-main-stick-meta":"","header-below-stick-meta":"","footnotes":""},"class_list":["post-2668","page","type-page","status-publish","hentry"],"aioseo_notices":[],"yoast_head":"<!-- This site is optimized with the Yoast SEO plugin v27.2 - https:\/\/yoast.com\/product\/yoast-seo-wordpress\/ -->\n<title>Contralor\u00eda Social - ITES<\/title>\n<meta name=\"robots\" content=\"index, follow, max-snippet:-1, max-image-preview:large, max-video-preview:-1\" \/>\n<link rel=\"canonical\" href=\"https:\/\/www.itesloscabos.edu.mx\/inicio\/contraloria-social\/\" \/>\n<meta property=\"og:locale\" content=\"es_ES\" \/>\n<meta property=\"og:type\" content=\"article\" \/>\n<meta property=\"og:title\" content=\"Contralor\u00eda Social - ITES\" \/>\n<meta property=\"og:description\" content=\"PRODEP Contralor\u00eda Social Documentos Normativos Informes Quejas Denuncias, Peticiones o Irregularidades Manual Sistema Inform\u00e1tico C.S.\" \/>\n<meta property=\"og:url\" content=\"https:\/\/www.itesloscabos.edu.mx\/inicio\/contraloria-social\/\" \/>\n<meta property=\"og:site_name\" content=\"ITES\" \/>\n<meta property=\"article:modified_time\" content=\"2023-07-26T00:32:16+00:00\" \/>\n<meta name=\"twitter:card\" content=\"summary_large_image\" \/>\n<script type=\"application\/ld+json\" class=\"yoast-schema-graph\">{\"@context\":\"https:\/\/schema.org\",\"@graph\":[{\"@type\":\"WebPage\",\"@id\":\"https:\/\/www.itesloscabos.edu.mx\/inicio\/contraloria-social\/\",\"url\":\"https:\/\/www.itesloscabos.edu.mx\/inicio\/contraloria-social\/\",\"name\":\"Contralor\u00eda Social - ITES\",\"isPartOf\":{\"@id\":\"https:\/\/www.itesloscabos.edu.mx\/inicio\/#website\"},\"datePublished\":\"2023-07-25T23:59:45+00:00\",\"dateModified\":\"2023-07-26T00:32:16+00:00\",\"breadcrumb\":{\"@id\":\"https:\/\/www.itesloscabos.edu.mx\/inicio\/contraloria-social\/#breadcrumb\"},\"inLanguage\":\"es\",\"potentialAction\":[{\"@type\":\"ReadAction\",\"target\":[\"https:\/\/www.itesloscabos.edu.mx\/inicio\/contraloria-social\/\"]}]},{\"@type\":\"BreadcrumbList\",\"@id\":\"https:\/\/www.itesloscabos.edu.mx\/inicio\/contraloria-social\/#breadcrumb\",\"itemListElement\":[{\"@type\":\"ListItem\",\"position\":1,\"name\":\"Portada\",\"item\":\"https:\/\/www.itesloscabos.edu.mx\/inicio\/\"},{\"@type\":\"ListItem\",\"position\":2,\"name\":\"Contralor\u00eda Social\"}]},{\"@type\":\"WebSite\",\"@id\":\"https:\/\/www.itesloscabos.edu.mx\/inicio\/#website\",\"url\":\"https:\/\/www.itesloscabos.edu.mx\/inicio\/\",\"name\":\"ITES\",\"description\":\"Los Cabos\",\"potentialAction\":[{\"@type\":\"SearchAction\",\"target\":{\"@type\":\"EntryPoint\",\"urlTemplate\":\"https:\/\/www.itesloscabos.edu.mx\/inicio\/?s={search_term_string}\"},\"query-input\":{\"@type\":\"PropertyValueSpecification\",\"valueRequired\":true,\"valueName\":\"search_term_string\"}}],\"inLanguage\":\"es\"}]}<\/script>\n<!-- \/ Yoast SEO plugin. -->","yoast_head_json":{"title":"Contralor\u00eda Social - ITES","robots":{"index":"index","follow":"follow","max-snippet":"max-snippet:-1","max-image-preview":"max-image-preview:large","max-video-preview":"max-video-preview:-1"},"canonical":"https:\/\/www.itesloscabos.edu.mx\/inicio\/contraloria-social\/","og_locale":"es_ES","og_type":"article","og_title":"Contralor\u00eda Social - ITES","og_description":"PRODEP Contralor\u00eda Social Documentos Normativos Informes Quejas Denuncias, Peticiones o Irregularidades Manual Sistema Inform\u00e1tico C.S.","og_url":"https:\/\/www.itesloscabos.edu.mx\/inicio\/contraloria-social\/","og_site_name":"ITES","article_modified_time":"2023-07-26T00:32:16+00:00","twitter_card":"summary_large_image","schema":{"@context":"https:\/\/schema.org","@graph":[{"@type":"WebPage","@id":"https:\/\/www.itesloscabos.edu.mx\/inicio\/contraloria-social\/","url":"https:\/\/www.itesloscabos.edu.mx\/inicio\/contraloria-social\/","name":"Contralor\u00eda Social - ITES","isPartOf":{"@id":"https:\/\/www.itesloscabos.edu.mx\/inicio\/#website"},"datePublished":"2023-07-25T23:59:45+00:00","dateModified":"2023-07-26T00:32:16+00:00","breadcrumb":{"@id":"https:\/\/www.itesloscabos.edu.mx\/inicio\/contraloria-social\/#breadcrumb"},"inLanguage":"es","potentialAction":[{"@type":"ReadAction","target":["https:\/\/www.itesloscabos.edu.mx\/inicio\/contraloria-social\/"]}]},{"@type":"BreadcrumbList","@id":"https:\/\/www.itesloscabos.edu.mx\/inicio\/contraloria-social\/#breadcrumb","itemListElement":[{"@type":"ListItem","position":1,"name":"Portada","item":"https:\/\/www.itesloscabos.edu.mx\/inicio\/"},{"@type":"ListItem","position":2,"name":"Contralor\u00eda Social"}]},{"@type":"WebSite","@id":"https:\/\/www.itesloscabos.edu.mx\/inicio\/#website","url":"https:\/\/www.itesloscabos.edu.mx\/inicio\/","name":"ITES","description":"Los Cabos","potentialAction":[{"@type":"SearchAction","target":{"@type":"EntryPoint","urlTemplate":"https:\/\/www.itesloscabos.edu.mx\/inicio\/?s={search_term_string}"},"query-input":{"@type":"PropertyValueSpecification","valueRequired":true,"valueName":"search_term_string"}}],"inLanguage":"es"}]}},"blog_post_layout_featured_media_urls":{"thumbnail":"","full":""},"categories_names":null,"comments_number":"0","_links":{"self":[{"href":"https:\/\/www.itesloscabos.edu.mx\/inicio\/wp-json\/wp\/v2\/pages\/2668","targetHints":{"allow":["GET"]}}],"collection":[{"href":"https:\/\/www.itesloscabos.edu.mx\/inicio\/wp-json\/wp\/v2\/pages"}],"about":[{"href":"https:\/\/www.itesloscabos.edu.mx\/inicio\/wp-json\/wp\/v2\/types\/page"}],"author":[{"embeddable":true,"href":"https:\/\/www.itesloscabos.edu.mx\/inicio\/wp-json\/wp\/v2\/users\/1"}],"replies":[{"embeddable":true,"href":"https:\/\/www.itesloscabos.edu.mx\/inicio\/wp-json\/wp\/v2\/comments?post=2668"}],"version-history":[{"count":3,"href":"https:\/\/www.itesloscabos.edu.mx\/inicio\/wp-json\/wp\/v2\/pages\/2668\/revisions"}],"predecessor-version":[{"id":2671,"href":"https:\/\/www.itesloscabos.edu.mx\/inicio\/wp-json\/wp\/v2\/pages\/2668\/revisions\/2671"}],"wp:attachment":[{"href":"https:\/\/www.itesloscabos.edu.mx\/inicio\/wp-json\/wp\/v2\/media?parent=2668"}],"curies":[{"name":"wp","href":"https:\/\/api.w.org\/{rel}","templated":true}]}}